{"id":26,"date":"2019-12-30T10:51:36","date_gmt":"2019-12-30T10:51:36","guid":{"rendered":"https:\/\/daylight-dream.ee\/?page_id=26"},"modified":"2025-05-08T19:34:51","modified_gmt":"2025-05-08T19:34:51","slug":"about-me","status":"publish","type":"page","link":"https:\/\/daylight-dream.ee\/","title":{"rendered":"Minust"},"content":{"rendered":"\n<div class=\"wp-block-cover alignfull has-base-color has-text-color has-link-color has-small-font-size wp-elements-8d0a88cb6a06e22d3bcd85defdb5f72c has-aspect-ratio\" style=\"margin-top:0;margin-bottom:0;padding-top:var(--wp--preset--spacing--30);padding-right:var(--wp--preset--spacing--50);padding-bottom:var(--wp--preset--spacing--30);padding-left:var(--wp--preset--spacing--50);aspect-ratio:auto;min-height:unset;\"><span aria-hidden=\"true\" class=\"wp-block-cover__background has-background-dim-100 has-background-dim\" style=\"background-color:#443776\"><\/span><div class=\"wp-block-cover__inner-container has-global-padding is-layout-constrained wp-container-core-cover-is-layout-9e4ffdbf wp-block-cover-is-layout-constrained\">\n<div class=\"wp-block-columns alignwide is-layout-flex wp-container-core-columns-is-layout-7ee84d44 wp-block-columns-is-layout-flex\">\n<div class=\"wp-block-column is-layout-flow wp-block-column-is-layout-flow\" style=\"padding-top:var(--wp--preset--spacing--60);padding-right:var(--wp--preset--spacing--20);padding-bottom:var(--wp--preset--spacing--60);padding-left:var(--wp--preset--spacing--20);flex-basis:65%\">\n<div class=\"wp-block-group is-vertical is-content-justification-stretch is-layout-flex wp-container-core-group-is-layout-353c4f5a wp-block-group-is-layout-flex\">\n<h1 class=\"wp-block-heading has-text-align-left is-style-default\" style=\"font-size:clamp(1.551rem, 1.551rem + ((1vw - 0.2rem) * 1.645), 2.6rem);font-style:normal;font-weight:300;letter-spacing:-0.03em;line-height:1.4\">Tere!<\/h1>\n\n\n\n<p class=\"is-style-text-subtitle is-style-text-subtitle--1\">Olen <strong>Karoliina Elizabeth Pettai<\/strong>, internetis rohkem tuntud kui <strong>Daylight Dream Studio<\/strong>. Eestist p\u00e4rit 23-aastane kunstnik, l\u00f5petanud Tartu Kunstikooli dekoraatori eriala. Mul on v\u00e4ga palju erinevaid kunstilisi hobisid, alates joonistamisest ja \u00f5mblemisest, kuni enda rinnam\u00e4rkide ja kleepsude tegemiseni v\u00e4lja.<\/p>\n<\/div>\n<\/div>\n\n\n\n<div class=\"wp-block-column is-layout-flow wp-block-column-is-layout-flow\" style=\"flex-basis:35%\">\n<div class=\"wp-block-group is-vertical is-content-justification-stretch is-nowrap is-layout-flex wp-container-core-group-is-layout-73b0033c wp-block-group-is-layout-flex\">\n<figure class=\"wp-block-image size-full is-resized\"><img data-dominant-color=\"90787f\" data-has-transparency=\"false\" loading=\"lazy\" decoding=\"async\" width=\"1350\" height=\"1800\" src=\"https:\/\/daylight-dream.ee\/wp-content\/uploads\/2025\/01\/368113340_236348025541226_2533321445584367140_n-edited.avif\" alt=\"\" class=\"wp-image-428 not-transparent\" style=\"--dominant-color: #90787f; aspect-ratio:0.75;object-fit:contain;width:419px;height:auto\" srcset=\"https:\/\/daylight-dream.ee\/wp-content\/uploads\/2025\/01\/368113340_236348025541226_2533321445584367140_n-edited.avif 1350w, https:\/\/daylight-dream.ee\/wp-content\/uploads\/2025\/01\/368113340_236348025541226_2533321445584367140_n-edited-225x300.avif 225w, https:\/\/daylight-dream.ee\/wp-content\/uploads\/2025\/01\/368113340_236348025541226_2533321445584367140_n-edited-768x1024.avif 768w, https:\/\/daylight-dream.ee\/wp-content\/uploads\/2025\/01\/368113340_236348025541226_2533321445584367140_n-edited-1152x1536.avif 1152w\" sizes=\"auto, (max-width: 1350px) 100vw, 1350px\" \/><\/figure>\n\n\n\n<h3 class=\"wp-block-heading has-text-align-right has-x-large-font-size\"><a href=\"https:\/\/www.instagram.com\/daylight_birbness\/\">Instagram<\/a><br><a href=\"https:\/\/bsky.app\/profile\/daylight-dream.ee\">Bluesky<\/a><br><a href=\"https:\/\/daylightdreamstudio.etsy.com\">Etsy<\/a><\/h3>\n<\/div>\n<\/div>\n<\/div>\n<\/div><\/div>\n\n\n\n<p><\/p>\n\n\n\n<p><\/p>\n","protected":false},"excerpt":{"rendered":"","protected":false},"author":1,"featured_media":0,"parent":0,"menu_order":0,"comment_status":"closed","ping_status":"closed","template":"","meta":{"_coblocks_attr":"","_coblocks_dimensions":"","_coblocks_responsive_height":"","_coblocks_accordion_ie_support":"","footnotes":""},"categories":[],"tags":[],"class_list":["post-26","page","type-page","status-publish","hentry"],"_links":{"self":[{"href":"https:\/\/daylight-dream.ee\/index.php?rest_route=\/wp\/v2\/pages\/26","targetHints":{"allow":["GET"]}}],"collection":[{"href":"https:\/\/daylight-dream.ee\/index.php?rest_route=\/wp\/v2\/pages"}],"about":[{"href":"https:\/\/daylight-dream.ee\/index.php?rest_route=\/wp\/v2\/types\/page"}],"author":[{"embeddable":true,"href":"https:\/\/daylight-dream.ee\/index.php?rest_route=\/wp\/v2\/users\/1"}],"replies":[{"embeddable":true,"href":"https:\/\/daylight-dream.ee\/index.php?rest_route=%2Fwp%2Fv2%2Fcomments&post=26"}],"version-history":[{"count":79,"href":"https:\/\/daylight-dream.ee\/index.php?rest_route=\/wp\/v2\/pages\/26\/revisions"}],"predecessor-version":[{"id":1011,"href":"https:\/\/daylight-dream.ee\/index.php?rest_route=\/wp\/v2\/pages\/26\/revisions\/1011"}],"wp:attachment":[{"href":"https:\/\/daylight-dream.ee\/index.php?rest_route=%2Fwp%2Fv2%2Fmedia&parent=26"}],"wp:term":[{"taxonomy":"category","embeddable":true,"href":"https:\/\/daylight-dream.ee\/index.php?rest_route=%2Fwp%2Fv2%2Fcategories&post=26"},{"taxonomy":"post_tag","embeddable":true,"href":"https:\/\/daylight-dream.ee\/index.php?rest_route=%2Fwp%2Fv2%2Ftags&post=26"}],"curies":[{"name":"wp","href":"https:\/\/api.w.org\/{rel}","templated":true}]}}